{"id":2,"date":"2021-08-03T13:04:30","date_gmt":"2021-08-03T13:04:30","guid":{"rendered":"http:\/\/kitespot.pl\/?page_id=2"},"modified":"2022-10-28T10:34:35","modified_gmt":"2022-10-28T10:34:35","slug":"sample-page","status":"publish","type":"page","link":"https:\/\/kitespot.pl\/","title":{"rendered":"Czujnik ci\u015bnienia w oponach TPMS Autel MX-Sensor 433 MHz Europa"},"content":{"rendered":"\n<p>Autel specjalizuje si\u0119 w, produkcji, sprzeda\u017cy i serwisie motoryzacyjnej inteligentnej diagnostyki, system\u00f3w detekcji i analizy oraz samochodowych podzespo\u0142\u00f3w elektronicznych. Produkty Autel s\u0105 sprzedawane g\u0142\u00f3wnie do ponad 50 kraj\u00f3w i region\u00f3w, takich jak Stany Zjednoczone, Niemcy, Wielka Brytania i Australia. Autel jest jednym z wiod\u0105cych \u015bwiatowych dostawc\u00f3w produkt\u00f3w i us\u0142ug inteligentnej diagnostyki samochodowej, kontroli i TPMS (system monitorowania ci\u015bnienia w oponach).<\/p>\n\n\n\n<p>Jednym z takich produkt\u00f3w jest czujnik TPMS Autel MX-Sensor 433 MHz Europa. Czujniki ci\u015bnienia w oponach czyli TPMS (ang. Tyre Pressure Monitoring System) bo takiego skr\u00f3tu u\u017cywa si\u0119 na polskim rynku to dla wielu nowo\u015b\u0107 cho\u0107 system ten funkcjonuje ju\u017c w Europie od 2014 roku i jest obowi\u0105zkowym wyposa\u017ceniem ka\u017cdego wyprodukowanego auta po tej dacie.<\/p>\n\n\n\n<p>Ujmuj\u0105c rzecz najpro\u015bciej TPMS kontroluje stan ci\u015bnienia w oponie pojazdu oraz informuje, czy ci\u015bnienie jest prawid\u0142owe, co wp\u0142ywa na bezpiecze\u0144stwo kierowcy i pasa\u017cer\u00f3w, komfort podr\u00f3\u017cowania, mniejsze zu\u017cycie opon oraz na \u201eapetyt\u201d naszego pojazdu na paliwo.<\/p>\n\n\n\n<p>W zwi\u0105zku z powy\u017cszym na rynku pojawi\u0142y si\u0119 czujniki ci\u015bnienia w oponach, kontroluj\u0105ce na bie\u017c\u0105co ci\u015bnienie lub r\u00f3\u017cnic\u0119 ci\u015bnie\u0144 w zale\u017cno\u015bci od rodzaju posiadanego systemu. Kierowca jest informowany o aktualnym stanie ci\u015bnienia i mo\u017ce szybko zareagowa\u0107. Aby jednak zrozumie\u0107 informacj\u0119 przekazan\u0105 przez komputer pok\u0142adowy nale\u017cy zrozumie\u0107 i pozna\u0107 posiadany system kontroluj\u0105cy ci\u015bnienie.<\/p>\n\n\n\n<p>Systemy kontrolowania ci\u015bnienia w pojazdach dzielimy na dwa rodzaje. Oba oczywi\u015bcie maj\u0105 do wykonania to samo zadanie, jednak ze wzgl\u0119du na wykorzystywane urz\u0105dzenie pomiarowe wyr\u00f3\u017cniamy systemy :<\/p>\n\n\n\n<ul><li>bezpo\u015brednie<\/li><li>po\u015brednie<\/li><\/ul>\n\n\n\n<figure class=\"wp-block-image size-large\"><img loading=\"lazy\" width=\"1001\" height=\"1001\" src=\"http:\/\/kitespot.pl\/wp-content\/uploads\/2021\/08\/562-3510.jpg\" alt=\"\" class=\"wp-image-17\" srcset=\"https:\/\/kitespot.pl\/wp-content\/uploads\/2021\/08\/562-3510.jpg 1001w, https:\/\/kitespot.pl\/wp-content\/uploads\/2021\/08\/562-3510-300x300.jpg 300w, https:\/\/kitespot.pl\/wp-content\/uploads\/2021\/08\/562-3510-150x150.jpg 150w, https:\/\/kitespot.pl\/wp-content\/uploads\/2021\/08\/562-3510-768x768.jpg 768w\" sizes=\"(max-width: 1001px) 100vw, 1001px\" \/><\/figure>\n\n\n\n<p>Pod lup\u0119 bierzemy czujnik TPMS Autel MX-Sensor 434 MHz Europa: czyli &nbsp;programowalny czujnik TPMS o cz\u0119stotliwo\u015bci 433 MHz kt\u00f3ry mo\u017ce zast\u0105pi\u0107 do 98% czujnik\u00f3w oryginalnych dost\u0119pnych na rynku europejskim. Mo\u017ce on zast\u0105pi\u0107 ka\u017cdy oryginalny czujnik, kt\u00f3ry przed za\u0142o\u017ceniem wymaga zaprogramowania, czyli skalibrowanie go pod dok\u0142adny model auta w kt\u00f3rym b\u0119dzie u\u017cytkowany.<\/p>\n\n\n\n<p>Sam proces kalibracji jest intuicyjny i prosty wymaga jednak zastosowania urz\u0105dzenia do programowania czujnik\u00f3w TPMS marki Autel.<\/p>\n\n\n\n<p>Czujnik Autel MX-Sensor 434 MHz Europa mo\u017cy by\u0107 wielokrotnie przeprogramowywany i dopasowany do auta z kt\u00f3rym ma wsp\u00f3\u0142pracowa\u0107 i nie jest on ograniczony ilo\u015bci\u0105 tych proces\u00f3w, tak\u017ce mo\u017ce z za\u0142o\u017cenia obs\u0142ugiwa\u0107 ka\u017cdego dnia inny pojazd.<\/p>\n\n\n\n<p>Du\u017cym atutem tego czujnika jest trwa\u0142o\u015b\u0107 wykonania por\u00f3wnywalna z czujnikami oryginalnymi, jak \u017cywotno\u015b\u0107 baterii szacowana na okres oko\u0142o 5 lat.<\/p>\n\n\n\n<p>Na uwag\u0119 zas\u0142uguje r\u00f3wnie\u017c wymienny zaw\u00f3r dost\u0119pny w czterech wariantach:<\/p>\n\n\n\n<ul><li>Aluminiowym<\/li><li>Tytanowym<\/li><li>Czarnym<\/li><li>Gumowy<\/li><\/ul>\n\n\n\n<p>Anodowane aluminium zapobiega korozji a wybrany kolor nie ulega przebarwieniom.<\/p>\n\n\n\n<p>Mo\u017ce zatem pracowa\u0107 przy wilgotno\u015bci 90% a zakres temperatury roboczej wynosi -40 \u00b0 C do + 125 \u00b0 C co nie wp\u0142ynie na zmian\u0119 pracy lub inne zak\u0142\u00f3cenia. Nale\u017cy doda\u0107 \u017ce uniwersalno\u015b\u0107 tego czujnika wynika r\u00f3wnie\u017c z jego budowy poprzez regulowany k\u0105t mocowania zaworu w czujniku<\/p>\n\n\n\n<p>&nbsp;(0<sup>o<\/sup>&nbsp;&#8211; 35<sup>o<\/sup>&nbsp;) umo\u017cliwiaj\u0105cy&nbsp; szybki i prosty monta\u017c na felgach r\u00f3\u017cnego rodzaju. MX-Sensor 433 MHz posiada r\u00f3wnie\u017c bardzo szeroki zakres monitorowania ci\u015bnienia od 0 do 900kPa , a dok\u0142adno\u015b\u0107 czytania ci\u015bnienia wynosi plus minus 10 kPA .<\/p>\n\n\n\n<figure class=\"wp-block-image size-large\"><img loading=\"lazy\" width=\"1024\" height=\"724\" src=\"http:\/\/kitespot.pl\/wp-content\/uploads\/2021\/08\/563-3510t-1024x724.png\" alt=\"\" class=\"wp-image-18\" srcset=\"https:\/\/kitespot.pl\/wp-content\/uploads\/2021\/08\/563-3510t-1024x724.png 1024w, https:\/\/kitespot.pl\/wp-content\/uploads\/2021\/08\/563-3510t-300x212.png 300w, https:\/\/kitespot.pl\/wp-content\/uploads\/2021\/08\/563-3510t-768x543.png 768w, https:\/\/kitespot.pl\/wp-content\/uploads\/2021\/08\/563-3510t.png 1123w\" sizes=\"(max-width: 1024px) 100vw, 1024px\" \/><\/figure>\n\n\n\n<p>Kompaktowe wymiary 52x29x22 mm oraz doskona\u0142a waga 17,5 g sprawiaj\u0105, \u017ce jest to pionier w\u015br\u00f3d czujnik\u00f3w uniwersalnych.<\/p>\n\n\n\n<p>Niepodwa\u017caln\u0105 zalet\u0105 sensor\u00f3w Autel jest mo\u017cliwo\u015b\u0107 wielokrotnej programowalno\u015bci do auta z kt\u00f3rym ma wsp\u00f3\u0142pracowa\u0107. Jako ciekawostk\u0119 mo\u017cna doda\u0107, \u017ce w niekt\u00f3rych typach przeprogramowanie jest mo\u017cliwe tylko w sytuacji kiedy ci\u015bnienie w kole jest poni\u017cej 1 bar`a.<\/p>\n\n\n\n<p>Zatem numer ID w czujniku uniwersalnym nadajemy podczas programowania auta z kt\u00f3rym b\u0119dzie wsp\u00f3\u0142pracowa\u0142 czujnik.<\/p>\n\n\n\n<p>Inn\u0105 z mo\u017cliwo\u015bci dopasowania czujnika TPMS Autel MX-Sensor 434 MHz do naszego auta jest metoda klonowania. Oznacza to \u017ce podczas programowania czujnika uniwersalnego nadajemy mu ten sam numer ID kt\u00f3ry posiada czujnik oryginalny. W ten spos\u00f3b po za\u0142o\u017ceniu czujnika do ko\u0142a pojazdu nie potrzebujemy wykonywa\u0107 \u017cadnych dodatkowych operacji&nbsp; bo dla sterownik TPMS nie nast\u0105pi\u0142a \u017cadna zmiana. Czujnik uniwersalny wysy\u0142a dok\u0142adnie taki sam sygna\u0142 z informacj\u0105 o numerze ID co czujnik oryginalny.<\/p>\n\n\n\n<p>Istniej\u0105 r\u00f3wnie\u017c inne problemy z kt\u00f3rymi ten sensor sobie radzi czyli brak numeru oryginalnego ID.<\/p>\n\n\n\n<p>Mo\u017cemy nada\u0107 dowolny numer ID czujnikowi uniwersalnemu, urz\u0105dzenie do programowania czujnik\u00f3w mo\u017ce nam wygenerowa\u0107 taki dowolny numer. W przypadku samochod\u00f3w z procedur\u0105 przypisywania nowych numer\u00f3w ID przez gniazdo EOBD b\u0119dziemy musieli r\u00f3wnie\u017c przeprogramowa\u0107 pami\u0119\u0107 sterownika TPMS aby zapisa\u0107 w nim nowy numer ID kt\u00f3ry wygenerowali\u015bmy.<\/p>\n\n\n\n<p>Cz\u0119\u015b\u0107 producent\u00f3w takich jak Autel, Aligator i Schrader stosuje rozwi\u0105zanie w kt\u00f3rym pami\u0119\u0107 czujnika uniwersalnego jest pusta. W trakcie programowania czujnika do konkretnego auta zostaje w pami\u0119ci zapisany odpowiedni program kt\u00f3ry pozwala z wsp\u00f3\u0142prac\u0119 z tym autem. Takie rozwi\u0105zanie powoduje \u017ce zakres pojazd\u00f3w do kt\u00f3rych mo\u017ce by\u0107 zastosowany czujnik zale\u017cy do oprogramowania dostarczonego przez producenta czujnika a nie samego \u201eczystego\u201d czujnika .<\/p>\n\n\n\n<p>Warto wyja\u015bni\u0107 jeszcze kwesti\u0119 oznaczenia cz\u0119stotliwo\u015bci pracy. Poniewa\u017c na rynku mo\u017cna doszuka\u0107 si\u0119 czujnik\u00f3w z oznaczeniem <strong>434MHz lub 433 MHz <\/strong>ale s\u0105 to identyczne cz\u0119stotliwo\u015bci. Dok\u0142adna cz\u0119stotliwo\u015b\u0107 pracy czujnika to 433,8 MHz ale w zale\u017cno\u015bci od producenta ta r\u00f3\u017cnica jest kwesti\u0105 zaokr\u0105glenia w d\u00f3\u0142 lub w g\u00f3r\u0119.<\/p>\n\n\n\n<p>Podsumowuj\u0105c za stosunkowo niewielkie pieni\u0105dze zyskujemy produkt o wysokich parametrach technicznych, \u015bwietnej jako\u015bci por\u00f3wnywalnej do drogich czujnik\u00f3w oryginalnych oraz ci\u0105g\u0142ej dost\u0119pno\u015bci produktu co w dzisiejszych realiach jest cech\u0105 niezwykle wa\u017cn\u0105.<\/p>\n\n\n\n<figure class=\"wp-block-image size-large\"><img loading=\"lazy\" width=\"900\" height=\"900\" src=\"http:\/\/kitespot.pl\/wp-content\/uploads\/2021\/08\/562_3510pack.jpg\" alt=\"\" class=\"wp-image-19\" srcset=\"https:\/\/kitespot.pl\/wp-content\/uploads\/2021\/08\/562_3510pack.jpg 900w, https:\/\/kitespot.pl\/wp-content\/uploads\/2021\/08\/562_3510pack-300x300.jpg 300w, https:\/\/kitespot.pl\/wp-content\/uploads\/2021\/08\/562_3510pack-150x150.jpg 150w, https:\/\/kitespot.pl\/wp-content\/uploads\/2021\/08\/562_3510pack-768x768.jpg 768w\" sizes=\"(max-width: 900px) 100vw, 900px\" \/><\/figure>\n\n\n\n<h2 class=\"has-text-align-center\">OPINIE KLIENT\u00d3W<\/h2>\n\n\n\n<h5>OPINIA NR 1<\/h5>\n\n\n\n<blockquote class=\"wp-block-quote\"><p>Czujnik Autel w pierwszym zetkni\u0119ciu nie nastawi\u0142 mnie pozytywnie, ale to nie z powodu samego czujnik tylko programatora. Dotychczas korzysta\u0142em z tester\u00f3w i programator\u00f3w innych marek, wi\u0119c mia\u0142em swoje nawyki w pracy z poprzednikiem. Jednak kiedy zaprogramowa\u0142em 20 aut, tester sta\u0142 si\u0119 intuicyjny a co za tym idzie spojrza\u0142em na czujnik Autel z innej perspektywy. \u017badnych zwrot\u00f3w i reklamacji co zdarza\u0142o si\u0119 w przypadku nawet oryginalnych czujnik\u00f3w. Polecam i mam nadziej\u0119, \u017ce producent nie b\u0119dzie szuka\u0142 oszcz\u0119dno\u015bci i nie zmieni jako\u015bci produktu bo jestem pe\u0142en podziwu.<\/p><cite>Miko\u0142aj<\/cite><\/blockquote>\n\n\n\n<hr class=\"wp-block-separator has-css-opacity\"\/>\n\n\n\n<h5>OPINIA NR 2<\/h5>\n\n\n\n<blockquote class=\"wp-block-quote\"><p>Pracuj\u0119 w serwisie ASO i jeszcze do niedawna temat by\u0142 nam wszystkim bardzo obcy z racji, \u017ce auta kt\u00f3re zosta\u0142y wyposa\u017cone w sensory TPM nie zd\u0105\u017cy\u0142y jeszcze do nas wraca\u0107, jednak ostatnio to co si\u0119 dzieje to totalna dla nas nowo\u015b\u0107. Auta produkowane po roku 2014 zaczynaj\u0105 mie\u0107 problem z czujnikami z powodu zasilania a raczej jego brak. Baterie si\u0119 po prostu wyczerpuj\u0105 po takim czasie. Z racji statusu serwisu jako oryginalny nie mieli\u015bmy czujnik\u00f3w uniwersalnych, jednak w takim nat\u0142oku pracy przerzucili\u015bmy si\u0119 jako dodatkowa opcja do wyboru klienta czujnik uniwersalny. Mamy tutaj sytuacje odwrotna do zamierzonej . Czujnik&nbsp; TPMS Autel MX-Sensor 433 MHz to w 75% czujnik wybierany przez klient\u00f3w, na niekorzy\u015b\u0107 oczywi\u015bcie naszego oryginalnego. Cena i jako\u015b\u0107 oraz \u0142atwo\u015b\u0107 w przeprogramowaniu sprawia, \u017ce sensor jest tak popularny. Chocia\u017c z punktu widzenia serwisant\u00f3w takiej przewagi si\u0119 nie spodziewali\u015bmy i tutaj ogromny uk\u0142on w stron\u0119 producenta.<\/p><cite>Darek<\/cite><\/blockquote>\n\n\n\n<hr class=\"wp-block-separator has-css-opacity\"\/>\n\n\n\n<h5>OPINIA NR 3<\/h5>\n\n\n\n<blockquote class=\"wp-block-quote\"><p>Pracuj\u0119 na 3 r\u00f3\u017cnych czujnikach, miedzy innymi na Autelu MX-Sensor 433 MHz Europa. Nie chc\u0119 wskazywa\u0107 faworyta poniewa\u017c trudno tutaj wybra\u0107 na podstawie niuans\u00f3w, ale lubi\u0119 pracowa\u0107 z tym czujnikiem nie tylko z tego powodu, \u017ce widz\u0119 go z daleka ze wzgl\u0119du na kolor \u2013&nbsp; pomara\u0144czowy, ale podoba mi si\u0119 interfejs marki Autel do\u015b\u0107 nowatorski ale Autel odrabia lekcje i szybko poprawia b\u0142\u0119dy konkurencji. Montuj\u0105c sensor mam pewno\u015b\u0107, \u017ce klient nie wr\u00f3ci ze smutkiem na ustach, je\u015bli wiecie co mam na my\u015bli. Z pozytyw\u00f3w jeszcze to dopowiem, \u017ce czujnik ma dobr\u0105 czu\u0142o\u015b\u0107 i nie sygnalizuje b\u0142\u0119du z byle powodu. Co jest niezwykle wa\u017cne ,poniewa\u017c inaczej musia\u0142bym siedzie\u0107 na telefonie z klientem na linii ca\u0142y dzie\u0144.<\/p><cite>Andrzej<\/cite><\/blockquote>\n\n\n\n<p><\/p>\n","protected":false},"excerpt":{"rendered":"<p>Autel specjalizuje si\u0119 w, produkcji, sprzeda\u017cy i serwisie motoryzacyjnej inteligentnej diagnostyki, system\u00f3w detekcji i analizy oraz samochodowych podzespo\u0142\u00f3w elektronicznych. Produkty Autel s\u0105 sprzedawane g\u0142\u00f3wnie do ponad 50 kraj\u00f3w i region\u00f3w, takich jak Stany Zjednoczone, Niemcy, Wielka Brytania i Australia. Autel jest jednym z wiod\u0105cych \u015bwiatowych dostawc\u00f3w produkt\u00f3w i us\u0142ug inteligentnej diagnostyki samochodowej, kontroli i TPMS [&hellip;]<\/p>\n","protected":false},"author":1,"featured_media":0,"parent":0,"menu_order":0,"comment_status":"closed","ping_status":"open","template":"","meta":[],"yoast_head":"<!-- This site is optimized with the Yoast SEO plugin v19.9 - https:\/\/yoast.com\/wordpress\/plugins\/seo\/ -->\n<title>Czujnik ci\u015bnienia w oponach TPMS Autel MX-Sensor 433 MHz Europa - kitespot.pl<\/title>\n<meta name=\"robots\" content=\"index, follow, max-snippet:-1, max-image-preview:large, max-video-preview:-1\" \/>\n<link rel=\"canonical\" href=\"https:\/\/kitespot.pl\/\" \/>\n<meta property=\"og:locale\" content=\"en_US\" \/>\n<meta property=\"og:type\" content=\"article\" \/>\n<meta property=\"og:title\" content=\"Czujnik ci\u015bnienia w oponach TPMS Autel MX-Sensor 433 MHz Europa - kitespot.pl\" \/>\n<meta property=\"og:description\" content=\"Autel specjalizuje si\u0119 w, produkcji, sprzeda\u017cy i serwisie motoryzacyjnej inteligentnej diagnostyki, system\u00f3w detekcji i analizy oraz samochodowych podzespo\u0142\u00f3w elektronicznych. Produkty Autel s\u0105 sprzedawane g\u0142\u00f3wnie do ponad 50 kraj\u00f3w i region\u00f3w, takich jak Stany Zjednoczone, Niemcy, Wielka Brytania i Australia. Autel jest jednym z wiod\u0105cych \u015bwiatowych dostawc\u00f3w produkt\u00f3w i us\u0142ug inteligentnej diagnostyki samochodowej, kontroli i TPMS [&hellip;]\" \/>\n<meta property=\"og:url\" content=\"https:\/\/kitespot.pl\/\" \/>\n<meta property=\"og:site_name\" content=\"kitespot.pl\" \/>\n<meta property=\"article:modified_time\" content=\"2022-10-28T10:34:35+00:00\" \/>\n<meta property=\"og:image\" content=\"http:\/\/kitespot.pl\/wp-content\/uploads\/2021\/08\/562-3510.jpg\" \/>\n<meta name=\"twitter:card\" content=\"summary_large_image\" \/>\n<meta name=\"twitter:label1\" content=\"Est. reading time\" \/>\n\t<meta name=\"twitter:data1\" content=\"6 minutes\" \/>\n<script type=\"application\/ld+json\" class=\"yoast-schema-graph\">{\"@context\":\"https:\/\/schema.org\",\"@graph\":[{\"@type\":\"WebPage\",\"@id\":\"https:\/\/kitespot.pl\/\",\"url\":\"https:\/\/kitespot.pl\/\",\"name\":\"Czujnik ci\u015bnienia w oponach TPMS Autel MX-Sensor 433 MHz Europa - kitespot.pl\",\"isPartOf\":{\"@id\":\"https:\/\/kitespot.pl\/#website\"},\"datePublished\":\"2021-08-03T13:04:30+00:00\",\"dateModified\":\"2022-10-28T10:34:35+00:00\",\"breadcrumb\":{\"@id\":\"https:\/\/kitespot.pl\/#breadcrumb\"},\"inLanguage\":\"en-US\",\"potentialAction\":[{\"@type\":\"ReadAction\",\"target\":[\"https:\/\/kitespot.pl\/\"]}]},{\"@type\":\"BreadcrumbList\",\"@id\":\"https:\/\/kitespot.pl\/#breadcrumb\",\"itemListElement\":[{\"@type\":\"ListItem\",\"position\":1,\"name\":\"Home\",\"item\":\"https:\/\/kitespot.pl\/\"},{\"@type\":\"ListItem\",\"position\":2,\"name\":\"Czujnik ci\u015bnienia w oponach TPMS Autel MX-Sensor 433 MHz Europa\"}]},{\"@type\":\"WebSite\",\"@id\":\"https:\/\/kitespot.pl\/#website\",\"url\":\"https:\/\/kitespot.pl\/\",\"name\":\"kitespot.pl\",\"description\":\"\",\"publisher\":{\"@id\":\"https:\/\/kitespot.pl\/#organization\"},\"potentialAction\":[{\"@type\":\"SearchAction\",\"target\":{\"@type\":\"EntryPoint\",\"urlTemplate\":\"https:\/\/kitespot.pl\/?s={search_term_string}\"},\"query-input\":\"required name=search_term_string\"}],\"inLanguage\":\"en-US\"},{\"@type\":\"Organization\",\"@id\":\"https:\/\/kitespot.pl\/#organization\",\"name\":\"kitespot.pl\",\"url\":\"https:\/\/kitespot.pl\/\",\"logo\":{\"@type\":\"ImageObject\",\"inLanguage\":\"en-US\",\"@id\":\"https:\/\/kitespot.pl\/#\/schema\/logo\/image\/\",\"url\":\"https:\/\/kitespot.pl\/wp-content\/uploads\/2021\/08\/czujniki.png\",\"contentUrl\":\"https:\/\/kitespot.pl\/wp-content\/uploads\/2021\/08\/czujniki.png\",\"width\":460,\"height\":127,\"caption\":\"kitespot.pl\"},\"image\":{\"@id\":\"https:\/\/kitespot.pl\/#\/schema\/logo\/image\/\"}}]}<\/script>\n<!-- \/ Yoast SEO plugin. -->","yoast_head_json":{"title":"Czujnik ci\u015bnienia w oponach TPMS Autel MX-Sensor 433 MHz Europa - kitespot.pl","robots":{"index":"index","follow":"follow","max-snippet":"max-snippet:-1","max-image-preview":"max-image-preview:large","max-video-preview":"max-video-preview:-1"},"canonical":"https:\/\/kitespot.pl\/","og_locale":"en_US","og_type":"article","og_title":"Czujnik ci\u015bnienia w oponach TPMS Autel MX-Sensor 433 MHz Europa - kitespot.pl","og_description":"Autel specjalizuje si\u0119 w, produkcji, sprzeda\u017cy i serwisie motoryzacyjnej inteligentnej diagnostyki, system\u00f3w detekcji i analizy oraz samochodowych podzespo\u0142\u00f3w elektronicznych. Produkty Autel s\u0105 sprzedawane g\u0142\u00f3wnie do ponad 50 kraj\u00f3w i region\u00f3w, takich jak Stany Zjednoczone, Niemcy, Wielka Brytania i Australia. Autel jest jednym z wiod\u0105cych \u015bwiatowych dostawc\u00f3w produkt\u00f3w i us\u0142ug inteligentnej diagnostyki samochodowej, kontroli i TPMS [&hellip;]","og_url":"https:\/\/kitespot.pl\/","og_site_name":"kitespot.pl","article_modified_time":"2022-10-28T10:34:35+00:00","og_image":[{"url":"http:\/\/kitespot.pl\/wp-content\/uploads\/2021\/08\/562-3510.jpg"}],"twitter_card":"summary_large_image","twitter_misc":{"Est. reading time":"6 minutes"},"schema":{"@context":"https:\/\/schema.org","@graph":[{"@type":"WebPage","@id":"https:\/\/kitespot.pl\/","url":"https:\/\/kitespot.pl\/","name":"Czujnik ci\u015bnienia w oponach TPMS Autel MX-Sensor 433 MHz Europa - kitespot.pl","isPartOf":{"@id":"https:\/\/kitespot.pl\/#website"},"datePublished":"2021-08-03T13:04:30+00:00","dateModified":"2022-10-28T10:34:35+00:00","breadcrumb":{"@id":"https:\/\/kitespot.pl\/#breadcrumb"},"inLanguage":"en-US","potentialAction":[{"@type":"ReadAction","target":["https:\/\/kitespot.pl\/"]}]},{"@type":"BreadcrumbList","@id":"https:\/\/kitespot.pl\/#breadcrumb","itemListElement":[{"@type":"ListItem","position":1,"name":"Home","item":"https:\/\/kitespot.pl\/"},{"@type":"ListItem","position":2,"name":"Czujnik ci\u015bnienia w oponach TPMS Autel MX-Sensor 433 MHz Europa"}]},{"@type":"WebSite","@id":"https:\/\/kitespot.pl\/#website","url":"https:\/\/kitespot.pl\/","name":"kitespot.pl","description":"","publisher":{"@id":"https:\/\/kitespot.pl\/#organization"},"potentialAction":[{"@type":"SearchAction","target":{"@type":"EntryPoint","urlTemplate":"https:\/\/kitespot.pl\/?s={search_term_string}"},"query-input":"required name=search_term_string"}],"inLanguage":"en-US"},{"@type":"Organization","@id":"https:\/\/kitespot.pl\/#organization","name":"kitespot.pl","url":"https:\/\/kitespot.pl\/","logo":{"@type":"ImageObject","inLanguage":"en-US","@id":"https:\/\/kitespot.pl\/#\/schema\/logo\/image\/","url":"https:\/\/kitespot.pl\/wp-content\/uploads\/2021\/08\/czujniki.png","contentUrl":"https:\/\/kitespot.pl\/wp-content\/uploads\/2021\/08\/czujniki.png","width":460,"height":127,"caption":"kitespot.pl"},"image":{"@id":"https:\/\/kitespot.pl\/#\/schema\/logo\/image\/"}}]}},"_links":{"self":[{"href":"https:\/\/kitespot.pl\/index.php\/wp-json\/wp\/v2\/pages\/2"}],"collection":[{"href":"https:\/\/kitespot.pl\/index.php\/wp-json\/wp\/v2\/pages"}],"about":[{"href":"https:\/\/kitespot.pl\/index.php\/wp-json\/wp\/v2\/types\/page"}],"author":[{"embeddable":true,"href":"https:\/\/kitespot.pl\/index.php\/wp-json\/wp\/v2\/users\/1"}],"replies":[{"embeddable":true,"href":"https:\/\/kitespot.pl\/index.php\/wp-json\/wp\/v2\/comments?post=2"}],"version-history":[{"count":5,"href":"https:\/\/kitespot.pl\/index.php\/wp-json\/wp\/v2\/pages\/2\/revisions"}],"predecessor-version":[{"id":34,"href":"https:\/\/kitespot.pl\/index.php\/wp-json\/wp\/v2\/pages\/2\/revisions\/34"}],"wp:attachment":[{"href":"https:\/\/kitespot.pl\/index.php\/wp-json\/wp\/v2\/media?parent=2"}],"curies":[{"name":"wp","href":"https:\/\/api.w.org\/{rel}","templated":true}]}}